{"id":47,"date":"2019-08-09T10:17:06","date_gmt":"2019-08-09T14:17:06","guid":{"rendered":"https:\/\/hospitaltaiwan.gob.do\/transparencia\/?page_id=47"},"modified":"2022-06-06T17:38:01","modified_gmt":"2022-06-06T21:38:01","slug":"declaraciones-juradas-de-patrimonio","status":"publish","type":"page","link":"https:\/\/portal-pedroantoniocespedes.azurewebsites.net\/transparencia\/declaraciones-juradas-de-patrimonio\/","title":{"rendered":"Declaraciones Juradas de Patrimonio"},"content":{"rendered":"\n<div class=\"texto-leyenda\">\n<p>\nLos datos personales han sido protegidos de conformidad con el art. 18 de la&nbsp;<a href=\"https:\/\/docs.google.com\/viewer?url=https:\/\/sns.gob.do\/transparencia\/descargas\/14\/leyes\/1567\/ley-200-04-general-de-libre-acceso-a-la-informacion-publica.pdf\" target=\"_blank\" rel=\"noreferrer noopener\"><strong>Ley 200-04<\/strong><\/a>&nbsp;de Libre Acceso a la Informaci\u00f3n P\u00fablica, de fecha 28 de julio de 2004 y el art. 28 de su reglamento de aplicaci\u00f3n aprobado mediante el&nbsp;<a href=\"https:\/\/docs.google.com\/viewer?url=https:\/\/sns.gob.do\/transparencia\/descargas\/15\/decretos\/2199\/aa-decreto-130-05-que-aprueba-el-reglamento-de-aplicacion-de-la-ley-200-04.pdf\" target=\"_blank\" rel=\"noreferrer noopener\"><strong>Decreto No. 130-05<\/strong><\/a>&nbsp; de fecha 25 de febrero de 2005.\n<\/p>\n<\/div>\n\n\n\n\n\n\n\n<hr>\n<div class=\"visor-docs\">\n<h4>\u00bfNo puede visualizar los documentos?<\/h4>\n<h6>Es posible que necesite descargar e instalar el siguientes programa:<\/h6>\n<p><i class=\"fa fa-file-pdf-o\"><\/i>&nbsp; Archivos PDF, <a href=\"https:\/\/get.adobe.com\/es\/reader\/\" target=\"_blank\" rel=\"noopener noreferrer\">descargue visor aqu\u00ed &nbsp;<i class=\"fa fa-download\"><\/i><\/a><\/p>\n<\/div>\n","protected":false},"excerpt":{"rendered":"<p>Los datos personales han sido protegidos de conformidad con el art. 18 de la&nbsp;Ley 200-04&nbsp;de Libre Acceso a la Informaci\u00f3n P\u00fablica, de fecha 28 de julio de 2004 y el art. 28 de su reglamento de aplicaci\u00f3n aprobado mediante el&nbsp;Decreto No. 130-05&nbsp; de fecha 25 de febrero de 2005.<\/p>\n","protected":false},"author":1,"featured_media":0,"parent":0,"menu_order":0,"comment_status":"closed","ping_status":"closed","template":"","meta":[],"_links":{"self":[{"href":"https:\/\/portal-pedroantoniocespedes.azurewebsites.net\/transparencia\/wp-json\/wp\/v2\/pages\/47"}],"collection":[{"href":"https:\/\/portal-pedroantoniocespedes.azurewebsites.net\/transparencia\/wp-json\/wp\/v2\/pages"}],"about":[{"href":"https:\/\/portal-pedroantoniocespedes.azurewebsites.net\/transparencia\/wp-json\/wp\/v2\/types\/page"}],"author":[{"embeddable":true,"href":"https:\/\/portal-pedroantoniocespedes.azurewebsites.net\/transparencia\/wp-json\/wp\/v2\/users\/1"}],"replies":[{"embeddable":true,"href":"https:\/\/portal-pedroantoniocespedes.azurewebsites.net\/transparencia\/wp-json\/wp\/v2\/comments?post=47"}],"version-history":[{"count":3,"href":"https:\/\/portal-pedroantoniocespedes.azurewebsites.net\/transparencia\/wp-json\/wp\/v2\/pages\/47\/revisions"}],"predecessor-version":[{"id":963,"href":"https:\/\/portal-pedroantoniocespedes.azurewebsites.net\/transparencia\/wp-json\/wp\/v2\/pages\/47\/revisions\/963"}],"wp:attachment":[{"href":"https:\/\/portal-pedroantoniocespedes.azurewebsites.net\/transparencia\/wp-json\/wp\/v2\/media?parent=47"}],"curies":[{"name":"wp","href":"https:\/\/api.w.org\/{rel}","templated":true}]}}